w + 56 = -4, 2*p - w - u = 0. Let i(o) = o**2 + 6*o + 2. What is the remainder when p is divided by i(-7)?
8
Suppose -5*i = -9*i + 300. What is the remainder when i is divided by 28?
19
Let j = 61 - 54. What is the remainder when 17 is divided by j?
3
Suppose p - 2*p + 7 = y, -2*p - 3*y + 11 = 0. Suppose 35 = -5*t + p*t. Calculate the remainder when t is divided by 42/9 - (-1)/3.
2
Let l(b) = -27*b. Let f be l(1). Let r = 49 + f. Suppose -5*u + 4*p + 22 + r = 0, 0 = 2*u + 3*p - 13. Calculate the remainder when u is divided by 3.
2
Let l = -12 + 35. Calculate the remainder when 68 is divided by l.
22
Let o = 10 + -3. Calculate the remainder when o is divided by 2.
1
Let q(b) = 8*b**2 - b - 3. Let t be q(3). Let m = -5 + t. Suppose 18*k - 334 - 44 = 0. What is the remainder when m is divided by k?
19
What is the remainder when 35 is divided by 15/(-5) - 66/(-3)?
16
Suppose 5*k - 76 = -2*h, -h = -5*k - 0*h + 82. What is the remainder when 77 is divided by k?
13
Calculate the remainder when (-1)/(((6/286)/(-3))/1) is divided by 36.
35
Suppose -b - 3*b + 77 = -5*a, -5*a + 15 = 0. What is the remainder when b is divided by 12?
11
Let j = 289 + -130. Calculate the remainder when j is divided by 40.
39
What is the remainder when (3 + -1)*-1 - -42 is divided by 14?
12
Let r = -4 - -25. What is the remainder when r is divided by 8?
5
Let p(i) = -i**3 - 9*i**2 - 6*i + 3. Calculate the remainder when p(-9) is divided by 20.
17
Suppose 171 + 5 = 8*b. Suppose 0 = 2*q - 0*q + 3*v, -2*v = 5*q - 22. Calculate the remainder when b is divided by q.
4
Suppose -3 = -j - 101. Let d = -62 - j. Suppose 0 = 2*l + 4*q - 30, -q + 3*q = -4. What is the remainder when d is divided by l?
17
Let k = -21 + 32. Let w(d) = d**2 - 4*d + 1. Let p be w(4). Let y = p + k. What is the remainder when 23 is divided by y?
11
Let i = -5 - -6. Let w be 3 + -4 + 7*i. Suppose -2*z + 4 = -w. Calculate the remainder when z is divided by 3.
2
Let s be 6/(-2) + (6 - 1). Suppose 26 = 2*b - x, 3*b - 40 = -x + s*x. Let q = -5 - -10. What is the remainder when b is divided by q?
4
Let s = 13 - 3. Calculate the remainder when 108 is divided by s.
8
Let x = -292 + 427. Suppose 2*i + x = 5*r + 9, -5*r + 138 = 4*i. Calculate the remainder when r is divided by 9.
8
Let y = 11 + 0. Suppose 2*f = y - 1. What is the remainder when 19 is divided by f?
4
Suppose 56 = -6*v + 284. What is the remainder when v is divided by 13?
12
Let d(r) = 10*r**3 - 2*r**2 + 1. Let i be d(1). Let a = 4 + i. Suppose 57 = 5*v - 0*v + 3*m, v - m - a = 0. What is the remainder when 23 is divided by v?
11
Let a(y) = y**2 - 1. Let m(h) = -h**3 - 18*h**2 - 6*h - 51. What is the remainder when m(-18) is divided by a(4)?
12
Let s = 9 - 9. Suppose 18 = -s*b + 2*b. Let q = 3 - -21. Calculate the remainder when q is divided by b.
6
Suppose -2*r - 3*r + 105 = 0. What is the remainder when 39 is divided by r?
18
Let v(r) = -r - 15. What is the remainder when 2 is divided by v(-16)?
0
Suppose 0*l = -5*l - 40. Let k be l/(-12) + (-8)/(-6). Suppose 0*n = k*n - 22. What is the remainder when n is divided by 6?
5
Calculate the remainder when (-392)/(-22) + ((-516)/66 - -8) is divided by 10.
8
Let w = 10 + -5. Suppose -5*z + 10 + 25 = 0. What is the remainder when z is divided by w?
2
Suppose 3*x - 39 = -0. Calculate the remainder when x is divided by 8.
5
Let d = -2 - -25. Let b = -29 + 41. Calculate the remainder when d is divided by b.
11
What is the remainder when 2 - ((-78)/2 - -2) is divided by 10?
9
Suppose 0 = 4*q + 5*h - 35, -3*q + 19 = 5*h - 11. What is the remainder when 8 is divided by q?
3
Suppose 9 = -2*h - h. Let g = 2 - h. Calculate the remainder when g is divided by 3*1*(-2)/(-3).
1
Suppose -3*n - 195 = -8*n. What is the remainder when n is divided by 14?
11
Let o = 1 + 1. Let y be o/1*15/6. Suppose -5*j - 225 = -0*v - y*v, 6 = -3*j. What is the remainder when v is divided by 15?
13
Suppose -5*p + 133 = -n, -4*p + 2*n + 137 = 27. Let z = 20 + p. Calculate the remainder when z is divided by 24.
22
Let h be 1*2/2 - -1. Suppose h*j - 13 = 11. Calculate the remainder when 35 is divided by j.
11
Let c = 41 - 32. Suppose -z - 1 = 3, 33 = a - 4*z. What is the remainder when a is divided by c?
8
Let x be (6 + 0)*(-4)/(-8). What is the remainder when 34 is divided by (1 + -13)*x/(-3)?
10
Let w(q) be the second derivative of q**4/6 - q**3/6 - q**2 + 2*q. Let k be w(4). Suppose -19 = -5*s + k. Calculate the remainder when 25 is divided by s.
7
Suppose -270 = -5*m - 5*t, 2*t - 92 = -2*m + 4*t. Calculate the remainder when m is divided by 17.
16
Let g = 32 + 2. Calculate the remainder when g is divided by 12.
10
Let i = 9 + -6. Suppose 0 = a - 5, 0*a = 3*c - i*a - 18. Calculate the remainder when 14/(-2)*(0 - 3) is divided by c.
10
Let t = 19 - 16. What is the remainder when 4 is divided by t?
1
Suppose -3*u = -3*c + 36, 3*c - 2*c - 3*u - 6 = 0. What is the remainder when 41 is divided by c?
11
Suppose 0*c - 24 = -4*c. Let d(n) = -n**2 + 8*n - 8. Let f be d(c). Suppose -p = f*p - 75. Calculate the remainder when 43 is divided by p.
13
Let i = -171 - -257. Calculate the remainder when i is divided by 6.
2
Suppose -4*y = -2*y. Suppose -2*d + l + 34 = -y*l, -3*d + l + 50 = 0. Calculate the remainder when 62 is divided by d.
14
Let a(p) = -p**3 + 7*p**2 + 7*p - 6. What is the remainder when a(7) is divided by 5?
3
What is the remainder when 37 is divided by 0 - 108/(-26) - (-10)/(-65)?
1
Let t be ((-2)/3)/((-6)/603). Let i = -44 + t. Calculate the remainder when i is divided by 12.
11
Calculate the remainder when ((-48)/18 - -2)/((-4)/138) is divided by 5 - (2 - (2 - -1)).
5
Let o = 45 + -16. Calculate the remainder when 57 is divided by o.
28
Suppose -5 = 5*z + 5*o, -19 = -4*z + 3*z + 4*o. What is the remainder when 3 is divided by z?
0
Let a = 436 + -282. Calculate the remainder when a is divided by 31.
30
Calculate the remainder when 342/21 + 3 - 2/7 is divided by 5.
4
Suppose -o - 2 = -3*o + 3*d, 2*d = 0. Calculate the remainder when o is divided by 1.
0
Let p(m) = 10*m - 1. Let a(f) = -f**2 + 9*f - 4. Calculate the remainder when p(4) is divided by a(7).
9
Suppose 2*h - 30 = -2*y, -3*y - 4*h = h - 49. What is the remainder when 37 is divided by y?
11
Suppose 7*p = 11*p - 32. Calculate the remainder when p is divided by 1.
0
Let a = 97 + -24. What is the remainder when a is divided by 19?
16
Suppose -32 = -7*j + 3*j. What is the remainder when 15 is divided by j?
7
Let y(v) = -v + 10. Calculate the remainder when 74 is divided by y(-9).
17
What is the remainder when 14 is divided by (5 + 56/(-12))*9?
2
Let m = 10 + 4. What is the remainder when 41 is divided by m?
13
Suppose 27 = 5*s + 7. What is the remainder when (-103)/(-4) - (-1)/s is divided by 12/28 - 285/(-21)?
12
Suppose -p + 28 = 3*p. Let o = -42 - -55. Calculate the remainder when o is divided by p.
6
Suppose 0*m + 2*m = 0. Suppose -d = -m*d. Suppose -c - 3*c + 40 = d. What is the remainder when 27 is divided by c?
7
Let s = -141 - -212. What is the remainder when s is divided by 18?
17
Suppose -2*a + 26 = -20. Suppose -4*r = -4 - 20. What is the remainder when a is divided by r?
5
Let j(t) = -t - 1. Let m be j(3). Let i(q) = -7*q - 5. Calculate the remainder when 68 is divided by i(m).
22
Let g(k) = k**2 + k. Let p(i) = 15 - i + 0*i**2 - 2*i - 2*i**2 + i**2. Let a(j) = 2*g(j) + p(j). What is the remainder when a(0) is divided by 9?
6
Let s(g) = 137*g**3 + g**2 + 2*g + 1. Let o be s(-1). Let j = -8 + 16. Calculate the remainder when 8/(-36) + o/(-9) is divided by j.
7
Let k = -4 + 6. Suppose -15 = -k*r - r. Calculate the remainder when 8 is divided by r.
3
Let q = 17 - -6. Suppose 2*r - 34 = -3*g, 5*g = -0*r - 5*r + 85. Let u = r - 9. What is the remainder when q is divided by u?
7
What is the remainder when (-318)/(-4) + 6/12 is divided by 28?
24
Suppose -3 - 3 = -2*f. What is the remainder when f is divided by 2?
1
What is the remainder when (-29)/(-1) + (6 - 7) is divided by 5?
3
Let v = -29 - -61. Suppose 5*x + 3*y - 358 = 0, -x - 2*y + v + 41 = 0. What is the remainder when x is divided by 18?
17
Suppose 40 = -2*p + 3*k - 2*k, 2*k = -5*p - 82. Let v = p + 37. What is the remainder when v is divided by 10?
9
Suppose 5 = -d, 0*x = -4*x + 2*d + 10. Suppose x*l = -4*l + 80.